 - 165*a + 10. Determine t(-5).
-1815
Let v(p) = -68*p**2 + 11565*p - 862. Give v(170).
-12
Let a(j) = -2*j**3 - 228*j**2 - 421*j + 13. What is a(0)?
13
Let d(h) = 40*h**2 + 2922*h + 5932. Give d(-71).
110
Let m(n) = 6556*n + 59063. What is m(-9)?
59
Let w(x) = -8*x**3 + 24*x**2 - 192*x + 1072. Give w(9).
-4544
Let x(y) = 48095*y + 1106181. Give x(-23).
-4
Let f(q) = 2628*q + 499319. Give f(-190).
-1
Let t(l) = 3159*l - 21946. Determine t(7).
167
Let t(x) = x**2 + 16972*x - 237829. Determine t(14).
-25
Let j(n) = 1475*n**2 + 58986*n - 564. Give j(-40).
-4
Let j(a) = 19251*a - 57744. Calculate j(3).
9
Let i(b) = 461676*b + 4616726. Determine i(-10).
-34
Let p(l) = 432*l**2 - 25923*l + 154. Calculate p(60).
-26
Let p(k) = 49*k + 3039. Give p(-33).
1422
Let n(u) = 405*u**2 + 4530*u + 8. What is n(-11)?
-817
Let b(k) = 1390*k + 8318. Give b(-6).
-22
Let h(r) = 12*r**2 + 153*r + 92. Determine h(-13).
131
Let t(w) = 2*w**2 - 111*w - 820. Determine t(58).
-530
Let o(t) = 25*t**3 + 154*t**2 - 158*t - 31. What is o(-7)?
46
Let g(x) = -x**2 - 2365*x + 35774. What is g(15)?
74
Let t(j) = 309*j**2 + 7128*j + 483. Give t(-23).
0
Let l(u) = -5966*u - 274449. Give l(-46).
-13
Let r(d) = d**2 + 108589*d + 325749. Determine r(-3).
-9
Let l(j) = 35*j**2 + 30*j + 16. What is l(6)?
1456
Let k(s) = 3*s**3 + 42*s**2 + 199*s + 6. Calculate k(-8).
-434
Let f(k) = -16*k**2 + 2241*k + 388. Calculate f(141).
-1727
Let m(x) = -7210*x - 281654. What is m(-39)?
-464
Let m(x) = 3373*x + 327278. What is m(-97)?
97
Let f(j) = 1428*j + 137862. Give f(-97).
-654
Let p(r) = -1252*r - 25131. Determine p(-20).
-91
Let a(v) = -5*v**3 + 60*v**2 + 249*v - 366. Calculate a(15).
-6
Let f(w) = -w**3 + 66*w**2 - 600*w - 89. Calculate f(11).
-34
Let h(j) = 3*j**3 + 5*j**2 - 105*j + 1049. Determine h(8).
2065
Let b(y) = 148*y**2 - 12283*y - 98. What is b(83)?
-15
Let m(z) = z**2 + 1423*z + 76515. What is m(-56)?
-37
Let s(b) = -10760*b + 3884344. Give s(361).
-16
Let l(z) = -z**3 + 202*z**2 + 433*z - 5264. Give l(204).
-164
Let f(n) = -266493*n - 799477. Give f(-3).
2
Let p(z) = 665920*z + 37957440. Give p(-57).
0
Let m(g) = g**2 - 11197*g + 223905. What is m(20)?
365
Let n(c) = 88289*c - 3090112. What is n(35)?
3
Let u(x) = -x**2 - 66*x + 3664. Determine u(-102).
-8
Let l(j) = -5649*j - 1084599. Calculate l(-192).
9
Let m(w) = -582*w - 3957. What is m(-7)?
117
Let c(r) = -3*r**3 + 7*r**2 - 14*r - 22. Determine c(-3).
164
Let k(f) = f**3 - 8*f**2 - 146*f + 571. What is k(15)?
-44
Let v(t) = -16*t**3 - 712*t**2 - 351*t + 48. Determine v(-44).
4
Let s(g) = -g**2 - 51*g - 742. Calculate s(-47).
-554
Let p(q) = 8*q**3 + 12*q**2 - 3281*q - 94. Calculate p(-21).
11
Let f(y) = y**2 - 1897*y + 37511. Calculate f(20).
-29
Let q(y) = 1434*y + 334128. What is q(-233)?
6
Let y(c) = -c**3 + 142*c**2 + 2449*c - 382075. Calculate y(140).
-15
Let k(n) = -517*n - 9891. What is k(-19)?
-68
Let z(h) = -287*h - 15983. Give z(-48).
-2207
Let m(f) = f**2 + 19881*f + 417268. Determine m(-21).
208
Let w(l) = -2*l**2 + 125*l - 594. What is w(35)?
1331
Let v(k) = k**2 - 290*k - 2813. Give v(-10).
187
Let c(o) = -20*o**2 + 385*o - 3825. Calculate c(10).
-1975
Let k(w) = -91*w**2 + 71*w + 21. What is k(1)?
1
Let o(r) = -191*r**2 + 5163*r - 169. Give o(27).
-7
Let w(c) = -c**2 + 731*c - 32274. Determine w(48).
510
Let b(g) = -g**2 - 3843*g + 234176. Give b(60).
-4
Let b(r) = -95*r - 32. Give b(5).
-507
Let h(r) = r**3 - 111*r**2 + 184*r - 7976. Calculate h(110).
164
Let r(t) = 22*t**2 + 1402*t - 39785. Determine r(-85).
-5
Let j(r) = -2*r**3 - 55*r**2 - 256*r + 1282. Give j(-19).
9
Let x(y) = y**3 + 75*y**2 - 1142*y - 374. What is x(-88)?
-550
Let q(s) = 31696*s + 190155. Calculate q(-6).
-21
Let k(t) = t**3 + 125*t**2 - 391*t - 903. Determine k(-128).
-7
Let z(b) = 7057*b - 183490. Determine z(26).
-8
Let a(j) = -j**2 - 30036*j - 420306. Determine a(-14).
2
Let y(l) = -4*l**2 - 1004*l + 236208. Determine y(148).
0
Let u(r) = 119*r + 578. Give u(-9).
-493
Let s(d) = 4*d**2 + 347*d + 3062. Give s(-9).
263
Let l(x) = -5583*x - 22629. Calculate l(-4).
-297
Let q(k) = -50193*k + 552128. What is q(11)?
5
Let t(q) = -2*q**3 - 427*q**2 - 1766*q - 423739. What is t(-214)?
-19
Let r(k) = -2*k**2 + 2648*k + 131725. Give r(-48).
13
Let s(u) = 492*u + 15473. Determine s(-33).
-763
Let n(g) = 387*g + 20714. What is n(-53)?
203
Let d(x) = 7921*x + 205988. What is d(-26)?
42
Let q(x) = 18*x**2 - 7302*x - 7300. Determine q(-1).
20
Let z(u) = 4*u**3 + 40*u**2 - 59*u - 193. What is z(-11)?
-28
Let s(q) = -q**3 - 189*q**2 + 377*q + 19. What is s(2)?
9
Let c(g) = -g**3 + 182*g**2 - 5639*g - 5830. What is c(142)?
-8
Let q(r) = -r**3 + 9*r**2 + 47*r - 70. What is q(16)?
-1110
Let x(z) = -16*z**2 - 48*z - 102. Determine x(0).
-102
Let v(t) = 1950*t - 11392. Give v(6).
308
Let c(r) = 56751*r + 1589029. Determine c(-28).
1
Let x(r) = -442023*r + 8. What is x(0)?
8
Let a(r) = -5*r**3 - 368*r**2 + 244*r + 7101. What is a(-74)?
-3
Let s(u) = -10*u**2 - 353*u - 656. Calculate s(-35).
-551
Let g(f) = -8*f**2 + 5*f + 268. What is g(-5)?
43
Let m(p) = -p**3 + 694*p**2 - 1685*p + 2141592. Determine m(696).
0
Let h(t) = -t**2 + 190*t + 107. What is h(-2)?
-277
Let i(j) = -j**3 + 14*j**2 - 8*j + 98. Calculate i(14).
-14
Let l(z) = 95583*z - 5543810. What is l(58)?
4
Let g(j) = -6590*j + 62403. Give g(9).
3093
Let u(w) = 4*w**2 + 1892*w + 25902. Give u(-14).
198
Let t(o) = 5*o**2 - 26188*o - 26197. What is t(-1)?
-4
Let p(h) = 2*h**2 + 10*h - 1676. Determine p(-32).
52
Let x(t) = t**2 + 3399*t + 210094. Determine x(-63).
-74
Let q(i) = -i**3 + 104*i**2 + 440*i - 850. Determine q(108).
14
Let h(g) = -2907*g - 29430. What is h(-10)?
-360
Let g(u) = -23*u**3 - 12057*u**2 - 2614*u + 3152. Calculate g(-524).
8
Let o(u) = u**2 - 699*u + 28808. What is o(44)?
-12
Let i(g) = -g**3 - 2*g**2 + 38*g - 121. What is i(3)?
-52
Let p(r) = 734*r**2 + 19854*r + 26. What is p(-27)?
-946
Let d(a) = -28171*a - 168695. Calculate d(-6).
331
Let q(v) = -8*v**2 - 260*v - 147. Determine q(-15).
1953
Let x(p) = -185577*p - 2598041. Determine x(-14).
37
Let f(j) = 66*j**2 + 396*j - 67001. What is f(-35)?
-11
Let g(f) = -18*f**2 + 32281*f + 32283. Calculate g(-1).
-16
Let k(v) = v**2 + 197356*v - 1381537. Calculate k(7).
4
Let g(c) = -12*c**2 + 40513*c + 81017. Determine g(-2).
-57
Let w(x) = -4*x**2 - 3773*x - 38074. Determine w(-10).
-744
Let n(f) = f**3 - 39*f**2 + 390*f - 372. Calculate n(19).
-182
Let p(v) = 421079*v - 1684271. Calculate p(4).
45
Let a(m) = 1310*m - 177747. What is a(136)?
413
Let n(j) = 1753*j - 439906. Give n(251).
97
Let x(l) = 1364*l + 11894. Give x(-9).
-382
Let s(j) = 1262*j + 97392. Determine s(-77).
218
Let y(j) = j**2 - 163*j - 329. Give y(165).
1
Let n(w) = 7*w**3 + 2*w**2 - 84*w - 197. What is n(-3)?
-116
Let c(g) = g**3 - 190*g**2 - 219*g + 5301. Give c(191).
-47
Let b(p) = p**2 - 616*p - 41296. What is b(-61)?
1
Let g(n) = 21*n**2 - 160*n + 164. What is g(6)?
-40
Let u(v) = -2*v**3 - 32*v**2 - 88*v - 55. Determine u(-11).
-297
Let j(q) = -35608*q - 676079. Calculate j(-19).
473
Let f(r) = 5*r**2 - 2377*r - 23802. Determine f(-10).
468
Let h(a) = -3*a**2 - 263*a - 3561. Give h(-27).
1353
Let a(p) = -423*p - 41468. Determine a(-98).
-14
Let m(q) = -109*q**2 + 32043*q + 871. Determine m(294).
-11
Let h(u) = -18230*u - 911787. Calculate h(-50).
-287
Let s(q) = -176366*q + 1410921. Determine s(8).
-7
Let p(d) = 30*d**3 + 128*d**2 - 335*d - 163. Give p(-6).
-25
Let q(h) = -27*h**2 - 12582*h + 12582. Calculate q(1).
-27
Let l(h) = h**2 - 32*h - 13613. What is l(136)?
531
Let q(m) = -3*m**3 - 10*m**2 + 727*m + 2194. Calculate q(-3).
4
Let n(j) = 1737*j**2 + 6869*j - 223. What is n(-4)?
93
Let q(a) = -50*a**2 - 3160*a + 9919. Calculate q(3).
-11
Let i(r) = -132*r**2 - 5134*r + 603. Give i(-39).
57
Let y(g) = 381*g + 78669. Determine y(-207).
-198
Let d(a) = -a**3 + 155*a**2 + 5102*a - 608. Give d(-28).
8
Let o(p) = -754*p**2 - 6030*p + 16. Determine o(-8).
0
Let q(v) = -v**3 - 162*v**2 - 6349*v + 6291. Calculate q(-93).
-33
Let f(q) = -62*q - 7970. Determine f(-128).
-34
Let m(v) = 7*v**2 - 121*v + 1559. Give m(14).
1237
Let h(f) = -10*f**2 - 68*f + 82. Give h(2).
-94
Let m(t) = 1504*t - 43877. Determine m(29).
-261
Let h(n) = -n**3 + 1685*n**2 + 495